is the highest common factor of 3883008 and 1659?
237
Calculate the greatest common factor of 405266270 and 3884.
1942
What is the highest common factor of 207794678 and 26?
26
Calculate the greatest common factor of 393486175 and 25.
25
What is the greatest common divisor of 46814 and 10935014?
526
What is the highest common divisor of 6867883 and 24275?
971
Calculate the greatest common divisor of 241506 and 78.
6
What is the greatest common divisor of 37214 and 4508?
46
Calculate the highest common divisor of 19197 and 540432.
243
What is the greatest common divisor of 130908272 and 803?
803
What is the highest common factor of 57837 and 24947?
13
What is the greatest common factor of 168146 and 3784?
22
What is the greatest common divisor of 442 and 2334049?
17
What is the highest common divisor of 26300 and 9322900?
100
What is the highest common factor of 20522243 and 30527?
623
Calculate the highest common factor of 856680 and 225.
15
What is the greatest common factor of 11441 and 590257?
17
Calculate the highest common factor of 375470 and 920.
10
Calculate the greatest common divisor of 348381 and 5832.
81
What is the highest common divisor of 5 and 7758045?
5
What is the greatest common divisor of 382551238 and 410?
82
Calculate the greatest common divisor of 38 and 9488087.
19
Calculate the highest common factor of 8853 and 529137.
681
Calculate the highest common factor of 1057114120 and 4570.
4570
Calculate the greatest common factor of 18 and 455906.
2
What is the greatest common factor of 96354 and 51728?
106
What is the greatest common factor of 470 and 7914095?
235
Calculate the greatest common factor of 11690 and 52165790.
1670
What is the greatest common divisor of 4090 and 106100?
10
What is the greatest common divisor of 2214517 and 1?
1
What is the highest common factor of 1773 and 52457751?
1773
Calculate the highest common factor of 860 and 30177228.
172
What is the highest common divisor of 8428 and 222251176?
1204
Calculate the highest common factor of 4776 and 965946.
1194
Calculate the highest common divisor of 1909 and 1145883.
23
What is the highest common factor of 366 and 73632?
6
Calculate the greatest common divisor of 6160097 and 4173.
107
What is the highest common divisor of 26082167 and 17076?
1423
What is the highest common factor of 8 and 559660?
4
What is the highest common factor of 1247257802 and 28?
14
Calculate the greatest common divisor of 191949 and 149439.
327
Calculate the highest common factor of 166790 and 7930.
130
What is the highest common divisor of 146913 and 6097?
13
Calculate the highest common factor of 1634143 and 987.
329
Calculate the highest common factor of 4664078 and 356112.
4946
Calculate the greatest common factor of 43656937 and 47.
47
Calculate the highest common divisor of 405 and 550557.
81
Calculate the highest common divisor of 90 and 12248230.
10
What is the highest common divisor of 2320 and 171600192?
464
Calculate the highest common factor of 150 and 310229925.
75
What is the greatest common factor of 129864 and 14441?
7
What is the greatest common factor of 6 and 431049270?
6
Calculate the greatest common factor of 16802 and 5182.
2
Calculate the highest common divisor of 148 and 79214.
2
What is the greatest common divisor of 615446 and 594?
2
What is the greatest common factor of 2231 and 7831431?
23
What is the greatest common divisor of 342455575 and 3075?
1025
What is the greatest common divisor of 23382 and 55026?
54
What is the highest common factor of 606694 and 100934?
218
Calculate the highest common divisor of 23540876 and 488.
244
Calculate the greatest common divisor of 202772652 and 1956.
1956
Calculate the greatest common divisor of 1761 and 18540395.
587
Calculate the greatest common factor of 1301762 and 101222.
2354
What is the greatest common divisor of 711 and 744687?
9
What is the highest common divisor of 1395 and 1736925?
15
Calculate the highest common divisor of 230220630 and 1836.
918
What is the highest common factor of 318516198 and 24?
6
What is the greatest common factor of 548 and 111691716?
548
What is the highest common divisor of 14826438 and 33?
33
Calculate the greatest common divisor of 25653712 and 56.
56
What is the greatest common factor of 3759 and 256329432?
537
Calculate the highest common factor of 6487391 and 7.
1
Calculate the highest common divisor of 98 and 10245508.
98
What is the highest common factor of 6 and 136807149?
3
Calculate the greatest common factor of 1927570 and 18110.
10
What is the greatest common divisor of 3143 and 19705?
7
Calculate the highest common factor of 10856 and 24354424.
184
Calculate the greatest common divisor of 4259595 and 1270030.
7135
Calculate the highest common divisor of 151641 and 28623.
609
What is the greatest common factor of 4104 and 88091904?
456
Calculate the highest common factor of 756445150 and 15900.
2650
Calculate the highest common factor of 4964363 and 776.
97
Calculate the greatest common factor of 3878755132 and 10577.
10577
What is the highest common divisor of 9740 and 8374452?
1948
Calculate the highest common divisor of 3892207 and 190817.
2299
Calculate the highest common divisor of 820 and 2692880.
820
What is the highest common divisor of 31400336 and 6072?
2024
Calculate the highest common factor of 12208 and 90361.
109
What is the greatest common factor of 3887437 and 230?
23
Calculate the greatest common divisor of 6774594 and 738.
246
Calculate the highest common factor of 5354112 and 123386.
382
What is the highest common divisor of 204 and 65015004?
204
What is the highest common factor of 203220 and 119340?
180
What is the highest common divisor of 266210111 and 5597?
5597
What is the greatest common factor of 11561093 and 2520212?
7591
What is the highest common factor of 1173 and 273265599?
1173
What is the greatest common factor of 5047539 and 441?
147
Calculate the highest common factor of 6096 and 293.
1
Calculate the greatest common divisor of 121175 and 42808704.
4847
What is the greatest common factor of 28090 and 241456022?
5618
Calculate the highest common factor of 1003 and 1058401.
59
Calculate the greatest common divisor of 6629824 and 576.
64
What is the highest common divisor of 90345 and 1427565?
285
Calculate the greatest common factor of 66898134 and 24462.
2718
What is the greatest common factor of 296318790 and 20?
10
Calculate the highest common factor of 55835 and 72085.
65
What is the highest common divisor of 494 and 111682608?
38
What is the highest common divisor of 33440 and 968886?
38
What is the highest common divisor of 32 and 2849942?
2
What is the highest common factor of 100810 and 270?
10
What is the highest common factor of 546 and 513303?
21
What is the greatest common factor of 13 and 69803357?
13
What is the highest common factor of 102888 and 241932?
12
What is the highest common factor of 7415 and 395?
5
Calculate the highest common factor of 19779123 and 371.
371
Calculate the highest common divisor of 1980 and 810645.
165
Calculate the greatest common divisor of 305 and 28167665.
305
Calculate the highest common divisor of 52 and 38575121.
13
Calculate the highest common factor of 11 and 34335653.
11
What is the highest common divisor of 609 and 3524094?
21
Calculate the greatest common factor of 378392 and 4202912.
1624
Calculate the highest common factor of 1370476 and 11778.
302
What is the greatest common factor of 36613 and 387467?
19
Calculate the greatest common divisor of 28111555 and 10.
5
Calculate the greatest common factor of 4921 and 4911367.
19
What is the greatest common factor of 1499893 and 2669?
17
What is the highest common factor of 165 and 1771143?
33
What is the greatest common factor of 59095 and 16309105?
1115
What is the highest common divisor of 3764556 and 10328?
5164
What is the greatest common factor of 2936414 and 27014?
26
Calculate the highest common factor of 540416304 and 496.
496
Calculate the highest common factor of 4426170 and 1490.
10
What is the greatest common factor of 1608 and 82326786?
402
Calculate the greatest common factor of 337574 and 3050.
122
What is the greatest common factor of 135180 and 820?
20
What is the highest common divisor of 524663090 and 7399